x**3 + 48*x**2. Let b be a(-2). Let h(w) = -4*w**2 - 2*w - 1. Give h(b).
-13
Let y(h) be the first derivative of h**3/3 + 7*h**2/2 + 3*h + 1366. Calculate y(-4).
-9
Let l(g) = -g**2 - 7*g - 6. Let t(b) = 12 - b**2 + 27*b**2 - b**3 + 17*b + 3*b**2 - 12*b**2. Let o be t(18). Calculate l(o).
0
Let b(m) be the third derivative of -1/24*m**4 - 7/6*m**3 - 39*m**2 + 0 + m. Give b(-8).
1
Let a(d) = -4*d**3 + 3*d**2 + d - 3. Let u(v) = -2*v**3 + 26*v**2 + 25*v + 43. Let r be u(14). Determine a(r).
-3
Let p(q) = -q**3 + 10*q**2 - 5*q + 15. Suppose -n = 5*c, -3*n - 12*c = -13*c - 32. Determine p(n).
-35
Let x(t) be the first derivative of t**2/2 - 8*t + 903. What is x(-9)?
-17
Suppose 12*u - 4 = 8*u, -5*v = u + 44. Let y(q) = 2*q**3 + 20*q**2 + 9*q + 2. Calculate y(v).
83
Let h(p) = -2*p**3 + 4*p**2 - 4*p + 2. Let w = -476 - -486. Suppose 3*r = -3*k - 9, -2*k = -0 + w. Give h(r).
-6
Let w(l) = -4*l**2 + 3*l - 2. Suppose 4*p - 8 = 0, 0*d - 4*p = d - 27. Suppose k + 16 = d. Suppose -5*i = 3*z + 4 - 0, 0 = -k*z - 4*i - 2. What is w(z)?
-12
Let o(z) be the second derivative of -7*z**3/6 + 17*z**2 - 995*z. Calculate o(5).
-1
Suppose 43 = -4*j + 2*g + 1, -4*g = -5*j - 57. Let a(d) = 3*d + 17. What is a(j)?
-10
Suppose -5*k + 26 = -4*g + 61, -k = -5*g + 7. Let n(y) = -5*y + 2. Let s(i) be the first derivative of -i**2/2 - 3. Let r(l) = -n(l) + 6*s(l). Give r(k).
5
Let a(l) = -l**2 - 15*l + 43. Let v(d) = d**3 - 60*d**2 + 118*d - 113. Let t be v(58). What is a(t)?
-11
Let g be (-4)/(-6) - (-20)/(-3). Suppose -585*b = -589*b + 448. Let f(j) = -6 - b*j**2 + 55*j**2 - 5*j - j**3 + 51*j**2. Give f(g).
24
Let s(y) = y**3 + 4*y**2 - 3*y + 11. Let c be s(-4). Let n = 30 - c. Suppose -6*x = -n*x + 3. Let f(l) = -2*l - 1. Give f(x).
-7
Let o(v) = -v**2 + 2*v + 2. Let c be 3*1*4/(-3). Let x be 2/(c - -2) + -1 + 10. Suppose 5*i = -x*i + 52. Give o(i).
-6
Suppose 4 = 325*o - 327*o - 3*r, 3*o = -3*r - 9. Let d(n) = 9*n + 43. Calculate d(o).
-2
Let j(a) = -962*a**2 + 10 + a + 6*a + 1930*a**2 - 967*a**2. Determine j(4).
54
Let p(a) = 14*a**3 - 21*a**2 + 21*a + 2. Let n(f) = 3*f**3 - 5*f**2 + 5*f. Let u = 89 - 87. Let h(r) = u*p(r) - 9*n(r). Determine h(-5).
-31
Let z(w) = 12*w + 1. Let v(j) = -j. Let d(k) = -4*v(k) - z(k). Suppose -318*q = -320*q + 8. Suppose -5*x = -3*u - x + 9, 19 = -q*u - 5*x. Calculate d(u).
7
Let g(i) = -4*i - 44. Let o be g(-9). Let y(n) = n**2 + 12*n + 21. Calculate y(o).
-11
Let j(r) = 24*r + 1. Let s = -6 + 37. Let v = 32 - s. Suppose -v = l - 0*l. Give j(l).
-23
Let r(a) = -3*a - 2*a + 12*a - 2*a - 13 - 10. What is r(11)?
32
Let n(a) = -506*a - 7 + 235*a + 269*a. Calculate n(11).
-29
Let y be ((-20)/6)/((-12)/18). Let p(g) = -6*g**2 + 345*g**3 + 4*g + 2 - 6 - 344*g**3. Determine p(y).
-9
Let g(m) = m**2 + 7. Let d be g(-3). Suppose d*n + 57 = 35*n. Let y(b) = -b - 1. Give y(n).
-4
Let n be (5/(-4))/((-1)/(-4)). Let x be ((-16)/(-4))/1 - -17. Let b(o) = 21 - o**3 + 6*o**2 - 56 + 7*o + 19 + 2*o**3 + x. What is b(n)?
-5
Let i be 8970/(-3105) + 2/(-18). Let x(p) = 2*p**3 + 2*p**2 - 3*p + 3. Give x(i).
-24
Let k(d) = d**2 - 7*d - 40. Let s(q) = -9*q**2 + 151*q - 100. Let v be s(16). Give k(v).
20
Let r(k) = k**2 - k - 3. Let o(y) = -y**3 - 3*y**2 + y + 1. Let g be o(-3). Let z be r(g). Suppose -1 = z*j - 16. Let b(h) = h**2 - 3*h - 5. Give b(j).
5
Let j(n) = n**2 + n - 1. Let o be j(1). Let f(w) = 18*w**3 - w**2 + w + 1. Let d(a) = -63*a**3 + 4*a**2 - 6*a - 3. Let r(u) = -d(u) - 4*f(u). Determine r(o).
-8
Let c(x) = 8*x**3 - x**2 - x. Let m be c(-1). Suppose -27*r + 29*r - 36 = 0. Let u(h) = 3*h**2 + r*h - 26*h - 2*h**2 - 7 - 2*h**2. Calculate u(m).
-7
Let b(a) = 9*a**2 - 143*a - 12. Suppose 4*i + 4*p - 52 = 0, 71 = 156*i - 151*i + 3*p. What is b(i)?
4
Let j(k) = -k**2 + 3*k + 3. Suppose -q = -6*q + 15, 2*a + 302 = 2*q. Let m = a + 146. Determine j(m).
-7
Let s(b) = b**3 + 5*b**2 - 2*b - 3. Let j = -5800 - -5795. Determine s(j).
7
Suppose 2*w = 4*v + 10, 72 = -5*v - 6*w - 0*w. Let y(c) be the first derivative of -c**4/4 - 8*c**3/3 - 7*c**2/2 - 3*c + 3. Determine y(v).
-33
Suppose h - 1 = 0, -3*h - 2 - 4 = -3*v. Suppose -q - q = v*q. Let y(z) = -1 + 0*z + q*z - 39*z**3 + 35*z**3. What is y(-1)?
3
Let d(r) = -961*r - 4 - 15077*r**2 + 15101*r**2 + 986*r + r**3. What is d(-23)?
-50
Let o(w) = -2*w**3 - w**2 - w + 1. Let a be o(1). Let i(g) be the second derivative of g**3/3 - g**2/2 + 34940*g. What is i(a)?
-7
Suppose -4*w + 17 = -6*w - 3*y, 4*w - 3*y = -7. Let m(n) = -3*n**2 + 0*n**3 + 17 + 30 - n**3 - 72 + 21. What is m(w)?
12
Let b(d) be the second derivative of 5*d**3/3 + 38*d**2 - 31*d + 8. What is b(-8)?
-4
Let u(h) = h**3 - 5*h**2 + h + 4. Let j = -78 + 141. Let q = j - 58. Suppose -q*t = 3*t - 24. Calculate u(t).
-11
Suppose -148 = 8*c - 67 + 135. Let y(f) = 6*f**2 + 160*f - 35. Give y(c).
19
Let m(s) be the second derivative of -1/6*s**3 + 47*s + 9/2*s**2 + 0. Suppose -3*a + 18 = -0*a. Determine m(a).
3
Suppose -30 = -11*z + 6*z. Suppose -z = -2*p - 0. Let m(l) = -4*l + 9*l - l - p. Calculate m(4).
13
Suppose -4*w = 8*w + 24. Let b(g) be the first derivative of 5*g - 16*g + 8*g - 5*g**2 - 11 - 12. What is b(w)?
17
Let l(p) be the first derivative of p**4/4 - 4*p**3/3 - 5*p**2/2 + 2*p + 38. Let t = -10 - -38. Let o be ((-35)/t)/((-1)/4). What is l(o)?
2
Let s(g) = -9*g + 4 + 2 + g - 6*g**2 + 5*g**2. Let q(t) = -t**3 + 4*t**2 + 2*t + 6. Let o be q(5). Determine s(o).
-3
Let s(r) = 25*r**3 - 44*r**2 + 146*r - 131. Let k(y) = -14*y**3 + 22*y**2 - 73*y + 68. Let f(u) = -9*k(u) - 5*s(u). Give f(-25).
-7
Let z(l) be the second derivative of l**4/12 - 2*l**3/3 - 2*l**2 - 2*l. Let u = -376 + 381. Suppose -717*g + u = -716*g. Calculate z(g).
1
Let w(j) = j**2 + 6*j + 5. Let a(d) = 9*d**2 - 7*d + 99. Let c be a(-9). Let s = c + -895. Calculate w(s).
-3
Let r(m) = m**2 - 7*m + 3. Suppose -6 - 175 = -2*v - 3*b, 2*v = 3*b + 151. Let h = v + -68. Let i be 2 + (-36)/h - (-148)/20. Calculate r(i).
3
Let o(c) be the second derivative of c**4/12 - 7*c**3/3 - 7*c**2/2 + 13*c + 17. Calculate o(10).
-47
Let w(t) = 8*t**2 - 5*t**2 - t**3 - 69 - 3*t + 59 - 9*t**2. Calculate w(-6).
8
Let c(l) = -l**2 - 60*l - 414. Let h = 30127 - 30135. Calculate c(h).
2
Let a(y) = -30*y + 87. Let w = -907 + 910. Determine a(w).
-3
Let i(m) = -9 - 3*m + 10*m + 5*m - m**2 + m + 4*m. Calculate i(5).
51
Let t be (-20)/90 + (-112)/(-18). Let s(p) = -2 + 7*p**2 - 16*p**2 - 2*p + 4*p**2 - p + t*p**2. Let n be (8/(-10))/(4/(-30)). Calculate s(n).
16
Suppose 73*z = 48*z + 1500. Let b(m) = 27 + 35 - m - z. What is b(-10)?
12
Suppose k + 2*q = -15 - 7, -51 = 3*k + q. Let u(y) = -5*y - 88. Determine u(k).
-8
Let z(v) = -2*v**3 + 40*v**2 - 2*v + 35. Let k(s) = -416*s - 812. Let y be k(-2). Determine z(y).
-5
Let d(b) = -b**2 + 54*b - 158*b + 46*b - 104 + 2*b**2 + 57*b. Let f be d(-10). Let t(i) be the first derivative of i**3/3 - 9*i**2/2 + 9*i - 2. Calculate t(f).
-9
Let w(y) = -y**3 + 7*y**2 - 9. Suppose 13*b - 20 = 3*b. Let s(t) = 7*t**2 - 23*t**b + 15*t**2 - 13*t - 15. Let q be s(-11). What is w(q)?
-9
Let i(g) = -g**2 - 2*g - 10. Let a be 0/((-4 + 3)/((-1)/(-5))). What is i(a)?
-10
Let m(b) = b**2 + 23*b + 54. Let v be (84 - 117) + (12 - -1). Give m(v).
-6
Let a(l) be the first derivative of -2*l - 5/2*l**2 + 2 - 1/3*l**3. What is a(-5)?
-2
Let p(g) be the first derivative of 2*g**2 - 1/4*g**4 - 285 - 2/3*g**3 - 2*g. Suppose d - 4 = 2*h, 0 = -4*d - 8 - 8. What is p(h)?
14
Suppose -3*s = 3*m - 9, 0 = -0*s + 5*s. Suppose 47*i = 3*l + 43*i + 28, -4*l = -m*i + 28. Let b(f) = f**3 + 4*f**2 + f + 1. What is b(l)?
-3
Let w(m) = 7*m**3 + 8*m**2 - 1. Let z(c) = -14*c**2 - 235*c**3 + 229*c**3 + 2 + 6*c**2. Let i(h) = -5*w(h) - 6*z(h). Give i(-8).
-7
Let t(k) be the second derivative of -k**6/360 + k**5/120 + 2*k**4/3 - k**2/2 - 58*k. Let w(n) be the third derivative of t(n). Calculate w(-4).
9
Let f(b) = -26*b + 29. Suppose 0 = -5*d - h, 3*h = -4*d + 5*h + 14. Calculate f(d).
3
Let w = -397 + 393. Let l(x) = 4*x**3 - 6*x**2 + 6*x - 7. Let m(v) = -7*v - 3*v**3 + v + 0*v + 6*v**2 + 6. Let c(n) = w*l(n) - 5*m(n). Calculate c(-7).
5
Let a(s) = -s**3 - 4*s**2 + 5*s - 5. Suppose 0 = 4*u - 111 - 45. Suppose 4*l - u = -59. Determine a(l).
-5
Let h = 4685 + -4681. Let v(y) be the third derivative of 0*y + 0*y**3